{"id":33,"date":"2024-07-18T16:44:08","date_gmt":"2024-07-18T14:44:08","guid":{"rendered":"http:\/\/sandrayerushalmi.fr\/?page_id=33"},"modified":"2025-05-04T21:50:13","modified_gmt":"2025-05-04T19:50:13","slug":"contact","status":"publish","type":"page","link":"https:\/\/sandrayerushalmi.fr\/?page_id=33","title":{"rendered":"Contact"},"content":{"rendered":"<div class=\"wp-block-image\">\n<figure class=\"alignleft size-large is-resized\"><img loading=\"lazy\" decoding=\"async\" width=\"1024\" height=\"743\" src=\"http:\/\/sandrayerushalmi.fr\/wp-content\/uploads\/2024\/07\/1719327042182-scaled-e1721321858352-1024x743.jpg\" alt=\"\" class=\"wp-image-52\" style=\"object-fit:cover;width:583px;height:auto\" srcset=\"https:\/\/sandrayerushalmi.fr\/wp-content\/uploads\/2024\/07\/1719327042182-scaled-e1721321858352-1024x743.jpg 1024w, https:\/\/sandrayerushalmi.fr\/wp-content\/uploads\/2024\/07\/1719327042182-scaled-e1721321858352-300x218.jpg 300w, https:\/\/sandrayerushalmi.fr\/wp-content\/uploads\/2024\/07\/1719327042182-scaled-e1721321858352-768x557.jpg 768w, https:\/\/sandrayerushalmi.fr\/wp-content\/uploads\/2024\/07\/1719327042182-scaled-e1721321858352-1536x1115.jpg 1536w, https:\/\/sandrayerushalmi.fr\/wp-content\/uploads\/2024\/07\/1719327042182-scaled-e1721321858352-2048x1486.jpg 2048w, https:\/\/sandrayerushalmi.fr\/wp-content\/uploads\/2024\/07\/1719327042182-scaled-e1721321858352-1568x1138.jpg 1568w\" sizes=\"auto, (max-width: 1024px) 100vw, 1024px\" \/><\/figure>\n<\/div>\n\n\n<p class=\"has-text-color has-link-color wp-elements-096321496e922d3588d197296ba8bc3e\" style=\"color:#4f0c21\">Vous souhaitez acheter une oeuvre ? Commander du sur-mesure ? Prendre rendez-vous pour un henn\u00e9 ? Proposer un stand henn\u00e9 \u00e0 votre f\u00eate ? Poser une question ?<\/p>\n\n\n\n<p class=\"has-text-color has-link-color wp-elements-89ee20c2cc0227aea78d16954775fb88\" style=\"color:#ad1545\">Contactez-moi !<\/p>\n\n\n\n<p class=\"has-text-color has-link-color wp-elements-358a59f6487807b5c04edd88a8d2482e\" style=\"color:#ad1545;font-size:28px\">Sandra Yerushalmi<\/p>\n\n\n\n<p class=\"has-text-color has-link-color wp-elements-79e7f2b0e5d89c7a5a397867cf9fe433\" style=\"color:#4f0c21\">sandrayerushalmi@gmail.com<\/p>\n\n\n\n<p class=\"has-text-color has-link-color wp-elements-988fbffdb88b8c77ec28b60a8572c4b0\" style=\"color:#4f0c21\"><a href=\"https:\/\/www.facebook.com\/HennaJudaicaYerushalmi\" target=\"_blank\" rel=\"noreferrer noopener\">Facebook : Sandra Yerushalmi<\/a><\/p>\n\n\n\n<p class=\"has-text-color has-link-color wp-elements-c5872a3bc771823368c18a46b2ceb702\" style=\"color:#4f0c21\"><a href=\"https:\/\/www.instagram.com\/sandra_yerushalmi\/\" data-type=\"link\" data-id=\"https:\/\/www.instagram.com\/sandra_yerushalmi\/\" target=\"_blank\" rel=\"noreferrer noopener\">Instagram : @sandra_yerushalmi<\/a><\/p>\n\n\n\n<figure class=\"wp-block-image size-large\"><img loading=\"lazy\" decoding=\"async\" width=\"819\" height=\"1024\" src=\"https:\/\/sandrayerushalmi.fr\/wp-content\/uploads\/2025\/05\/SAM_1333-15-portrait-819x1024.jpg\" alt=\"\" class=\"wp-image-385\" srcset=\"https:\/\/sandrayerushalmi.fr\/wp-content\/uploads\/2025\/05\/SAM_1333-15-portrait-819x1024.jpg 819w, https:\/\/sandrayerushalmi.fr\/wp-content\/uploads\/2025\/05\/SAM_1333-15-portrait-240x300.jpg 240w, https:\/\/sandrayerushalmi.fr\/wp-content\/uploads\/2025\/05\/SAM_1333-15-portrait-768x960.jpg 768w, https:\/\/sandrayerushalmi.fr\/wp-content\/uploads\/2025\/05\/SAM_1333-15-portrait-1228x1536.jpg 1228w, https:\/\/sandrayerushalmi.fr\/wp-content\/uploads\/2025\/05\/SAM_1333-15-portrait-1638x2048.jpg 1638w, https:\/\/sandrayerushalmi.fr\/wp-content\/uploads\/2025\/05\/SAM_1333-15-portrait-1568x1961.jpg 1568w, https:\/\/sandrayerushalmi.fr\/wp-content\/uploads\/2025\/05\/SAM_1333-15-portrait-scaled.jpg 2047w\" sizes=\"auto, (max-width: 819px) 100vw, 819px\" \/><\/figure>\n\n\n\n<p class=\"has-text-color has-link-color wp-elements-78825c53169518a9962625c4d4b69302\" style=\"color:#4f0c21\">Vous avez r\u00e9serv\u00e9 une oeuvre et souhaitez payer en ligne, suivez ce lien :<\/p>\n\n\n\n<div class=\"wp-block-buttons is-layout-flex wp-block-buttons-is-layout-flex\">\n<div class=\"wp-block-button\"><a class=\"wp-block-button__link has-text-color has-background has-link-color wp-element-button\" href=\"https:\/\/www.paypal.com\/ncp\/payment\/7D7J5H3K46FUU\" style=\"color:#deae2b;background-color:#ad1545\" target=\"_blank\" rel=\"noreferrer noopener\">Payer par carte bleue<\/a><\/div>\n<\/div>\n\n\n\n<p><\/p>\n","protected":false},"excerpt":{"rendered":"<p>Vous souhaitez acheter une oeuvre ? Commander du sur-mesure ? Prendre rendez-vous pour un henn\u00e9 ? Proposer un stand henn\u00e9 \u00e0 votre f\u00eate ? Poser une question ? Contactez-moi ! Sandra Yerushalmi sandrayerushalmi@gmail.com Facebook : Sandra Yerushalmi Instagram : @sandra_yerushalmi Vous avez r\u00e9serv\u00e9 une oeuvre et souhaitez payer en ligne, suivez ce lien :<\/p>\n","protected":false},"author":1,"featured_media":0,"parent":0,"menu_order":0,"comment_status":"closed","ping_status":"closed","template":"","meta":{"footnotes":""},"class_list":["post-33","page","type-page","status-publish","hentry","entry"],"_links":{"self":[{"href":"https:\/\/sandrayerushalmi.fr\/index.php?rest_route=\/wp\/v2\/pages\/33","targetHints":{"allow":["GET"]}}],"collection":[{"href":"https:\/\/sandrayerushalmi.fr\/index.php?rest_route=\/wp\/v2\/pages"}],"about":[{"href":"https:\/\/sandrayerushalmi.fr\/index.php?rest_route=\/wp\/v2\/types\/page"}],"author":[{"embeddable":true,"href":"https:\/\/sandrayerushalmi.fr\/index.php?rest_route=\/wp\/v2\/users\/1"}],"replies":[{"embeddable":true,"href":"https:\/\/sandrayerushalmi.fr\/index.php?rest_route=%2Fwp%2Fv2%2Fcomments&post=33"}],"version-history":[{"count":13,"href":"https:\/\/sandrayerushalmi.fr\/index.php?rest_route=\/wp\/v2\/pages\/33\/revisions"}],"predecessor-version":[{"id":389,"href":"https:\/\/sandrayerushalmi.fr\/index.php?rest_route=\/wp\/v2\/pages\/33\/revisions\/389"}],"wp:attachment":[{"href":"https:\/\/sandrayerushalmi.fr\/index.php?rest_route=%2Fwp%2Fv2%2Fmedia&parent=33"}],"curies":[{"name":"wp","href":"https:\/\/api.w.org\/{rel}","templated":true}]}}